Let z(v) = -27*v + 1167. What is the thousands digit of z(-71)?
3
What is the hundreds digit of 17*27/2295 - 20928/(-10)?
0
Suppose 5*s + 95587 = 4*t + 24374, 2*t - 35602 = 4*s. What is the ten thousands digit of t?
1
Let c = 939 - -1353. What is the units digit of c?
2
What is the ten thousands digit of 294602/245*21 - 2/(-5)?
2
Let t = 4812 - 1216. What is the units digit of t?
6
Let g(o) = 4*o**2 - 46*o + 38. Let m(t) = 2*t**2 - 23*t + 19. Let k(u) = -3*g(u) + 7*m(u). Let n be k(8). Let c = n + 115. What is the tens digit of c?
7
Suppose -38*v - 7379882 = -100*v - 80*v. What is the ten thousands digit of v?
5
Let s = 109649 + -70544. What is the hundreds digit of s?
1
Let y = 491 - 104. Let h = 398 - y. What is the units digit of h?
1
Let p = 26019 - 13486. What is the hundreds digit of p?
5
Let u = 454 - 452. Suppose -3*c = -c, u*t + 5*c = 2146. What is the units digit of t?
3
Suppose -24650 = -54*x + 198424. What is the hundreds digit of x?
1
Let r be 10*((-63)/6 - 2). Let z = r - -127. Suppose 0 = z*h + 5*s - 53, -3*h + 2*h + 7 = -4*s. What is the tens digit of h?
1
Let h(n) = 12*n**2 + 8*n - 17. Let a be h(6). Let u = -47 + a. Suppose 2*j = -5*l + u, -3*l = -4*j - 139 - 121. What is the tens digit of l?
8
Suppose 18*j + 292 = 17*j + 2156. What is the hundreds digit of j?
8
Suppose 3715 - 10129 = 6*s. Let t = 1845 + s. What is the hundreds digit of t?
7
Let j = -264 - -262. What is the tens digit of 4/((-72)/(-1362)) + j/3?
7
Let k be (-20)/(-6)*36/30 - -419. Let z = -281 + k. What is the tens digit of z?
4
Let r be (4 - 3)*-2*(-9)/6. Suppose 0 = 5*n + 5*s - 1055, -5*n + s = 2*s - 1043. Suppose 0 = -r*p - p + n. What is the tens digit of p?
5
Let v(w) = -w**2 - 26*w - 11. Let r(c) = -2 + 10*c**2 - 27*c - 11*c**2 - 9. Let n(y) = -3*r(y) + 4*v(y). What is the tens digit of n(-11)?
2
Suppose -3*q = 2*q - 5*o + 20, 5*o = -3*q + 20. Let x(j) = j**3 - j**2 + j - 5. Let h be x(q). Let n(r) = -20*r + 33. What is the tens digit of n(h)?
3
Suppose 0 = -5*t + b + 221928 - 28106, -2*t + 77498 = 4*b. What is the tens digit of t?
6
Let s(z) = 11732*z**2 - 19*z + 12. What is the hundreds digit of s(1)?
7
Let l be (80/10 + -3)*(-4)/(-10). What is the units digit of 1/(-2)*-4 + l + 570?
4
Let b = -153 + 277. Let q = b + 117. What is the tens digit of q?
4
Suppose -a - 20 = -23, 4*g - 9 = -3*a. Suppose q = -4*u + 3*u + 325, g = 4*u + 16. What is the tens digit of q?
2
Suppose -6*m + 2*m = 0. Let a be m + 57 + 3 + -7. Suppose -u = -2*w - 52, -u = -4*w + 3*w - a. What is the units digit of u?
4
Let r(s) = -5*s + 2. Let z be r(0). Let a(t) = 7*t - 4. Let i be a(z). Suppose 0 = -i*j + 14*j - 228. What is the units digit of j?
7
Let g(t) be the second derivative of 4*t**5/5 - t**4/6 + t**2/2 - 2*t + 7. What is the hundreds digit of g(2)?
1
Let g(d) be the second derivative of -10*d + 5/2*d**2 + 1/2*d**3 + 0 + 13/12*d**4. What is the units digit of g(-2)?
1
Let w(n) = n + 8. Let a = -22 - -16. Let j be w(a). Suppose j*x = -l - 6 + 42, 3*l + 2*x = 116. What is the tens digit of l?
4
What is the tens digit of (-6465)/((-8)/((-16)/(-2)))?
6
Let i(o) = -o**2 - 17*o - 62. Let s be i(-28). Let m = 1153 + s. What is the hundreds digit of m?
7
Let i(x) = -102*x**3 + 168 + 2*x**2 - 128*x**3 - 169. What is the units digit of i(-1)?
1
Let d = 17796 - 10085. What is the hundreds digit of d?
7
Let q(l) = 73*l - 3. Let y(p) = -146*p + 6. Let z(v) = -7*q(v) - 3*y(v). What is the hundreds digit of z(-5)?
3
Let o = -178 + 175. What is the tens digit of (117/(-52))/(o/2064)?
4
Let u(s) = -12 + 86*s - 39 + 36. Let l = 3 + 0. What is the hundreds digit of u(l)?
2
Let z be (-1 - (-25)/5) + 0. Suppose -2*u + 2*c + 1500 = u, -2500 = -5*u - z*c. What is the tens digit of u?
0
Suppose -7*m + 292 = -387. Let v = 215 - m. Let w = -23 + v. What is the units digit of w?
5
Suppose 0 = 2*l - 6, d = 4*d - 2*l + 1728. Let p = d - -962. Suppose -5*q + x + 641 = 0, 3*q - 2*x - p = 2*x. What is the tens digit of q?
2
Suppose -157*k = -53*k - 1381016. What is the tens digit of k?
7
Let k(c) = -137*c**3 - 2*c**2 - 83*c - 503. What is the thousands digit of k(-5)?
6
Suppose -12*w = -16*w + 7640. Let v = -1329 + w. What is the hundreds digit of v?
5
Let o = -231 + 233. What is the hundreds digit of -6 + 748 + -8 + o/(-2)?
7
Let g = -388 - -526. Suppose 8*x - 2*x = g. What is the tens digit of x?
2
Let s = 1290 + -908. Let w = s - 133. What is the units digit of w?
9
Let n be 716 + 2 + 2 + 0. Let j = -368 + n. What is the tens digit of j?
5
Let g(d) = 11*d**3 - 7*d**2 + 4*d + 7. Let u be g(5). Suppose 0 = 5*o + t - 1447, 3*o - u = 2*t - 364. What is the hundreds digit of o?
2
Suppose -4*d + 23 = -3*g, -5*g + 2*g + 7 = 2*d. What is the tens digit of g - (-1)/(-4) - 201131/(-236)?
5
Let x(o) = -499*o**3 + o**2 - 20*o - 42. What is the thousands digit of x(-2)?
3
Let b(u) = u**3 - 10*u - 3. Let m be b(0). Let z(n) = -n**3 - 9*n**2 + 4*n + 3. Let i be z(-4). What is the tens digit of m + 2 - (i - 1 - 1)?
9
Suppose 0 = 5*v - 135*c + 130*c - 75685, -4*v = -3*c - 60551. What is the tens digit of v?
4
Suppose 5*p = -6047 + 36787. What is the tens digit of p?
4
Let g be ((-15)/(-20))/((-10)/(-8))*15. Suppose i + 5*n = 69, -2*n = -5*i + g*i - 294. What is the units digit of i?
4
Let s = -27 - -30. Suppose 3*c + 7*z - 518 = s*z, c - 5*z - 179 = 0. Suppose -2*x + c - 52 = 0. What is the tens digit of x?
6
Let q = -13 - -16. Suppose q - 3 = -9*o. Let j = o + 102. What is the units digit of j?
2
Suppose -7*m + 444 + 123 = 0. Suppose 75*o + 1590 = m*o. What is the hundreds digit of o?
2
Let d = -87 + 22. Let r = d - -97. What is the units digit of r?
2
Let z = 816 + -388. Suppose -2*t - 5*a + 324 = 0, 4*t - z - 220 = -a. What is the tens digit of t?
6
Suppose 25*n = 56*n - 10*n - 476406. What is the tens digit of n?
8
Let n be (-36)/3*(-2)/(4/2). Let v = n + -78. Let b = -40 - v. What is the units digit of b?
6
Suppose 9*d - 6*d - 4*c - 44522 = 0, 2*d - 3*c = 29682. What is the hundreds digit of d?
8
Let t(q) = 2691*q - 40. What is the units digit of t(3)?
3
Suppose -2*b - 4*s = 68 + 4, -5*b - 3*s = 180. Let z be 2/(-9) + (-6344)/b. Suppose 4*x - z = -0*x. What is the units digit of x?
4
Let z be 0/(-5 + 5 - 4). Suppose z = -16*x + 4*x + 972. What is the tens digit of x?
8
Let w(t) = t**2 - 1. Let f(j) = j**3 - 4*j**2 + 3*j + 22. Let h(d) = -f(d) + w(d). Let y be h(6). Let m = -39 - y. What is the tens digit of m?
3
Suppose 0 = -4*f + 2*r + 14138, 5*f + 3*r - 17673 = 6*r. What is the thousands digit of f?
3
Suppose -3*u + 2*v + 6 = -u, -2*u + 2 = 2*v. Let i = u - 4. Let t = i - -98. What is the units digit of t?
6
Let d(g) = -g**3 + 65*g**2 + 29*g - 1438. What is the thousands digit of d(64)?
4
Let j(d) = -11*d - 10. Suppose 27 = -4*k - 5*k. Let s be j(k). Suppose -o + 37 = 4*o - b, -3*o = -b - s. What is the units digit of o?
7
Let o be (4/(-5))/(4 + 90/(-25)). Let z be (91/o)/(2/(-4)). What is the units digit of z - 3/(-9)*0?
1
Suppose 18*q + 79987 = 32*q - 39013. What is the tens digit of q?
0
Let r = -4299 + 8242. Suppose -9*m = 3*s - 8*m - 2365, -3*m + r = 5*s. What is the hundreds digit of s?
7
Suppose -5*h = -5*o - 15, 5*o - 6 = -h + 3*h. Let y = 9 - h. Suppose 0 = y*x - 2*c - 306, 277 + 341 = 4*x + 2*c. What is the hundreds digit of x?
1
Let x be 4 - 15/(-6) - 2/(-4). Suppose -o = -x - 65. What is the tens digit of o - ((-2)/(-6))/(7/21)?
7
Let q(v) = 8*v - 94. Let h be q(12). What is the units digit of (866 - 21/7) + -1*h?
1
Suppose 4*j + 4*h - h - 13 = 0, 0 = 5*j + h - 19. Let g(s) = -3*s**3 + 6*s**2 - 4*s + 8. Let m be g(j). Let k = m + 117. What is the units digit of k?
3
Let i(l) = -11*l + 6*l + 9*l - 17. What is the units digit of i(18)?
5
Suppose 542 = 5*m + 5*n - 898, 3*m = -2*n + 859. Let h be 1/((-2)/8*-1). Suppose 0*r - 15 = 3*r, m = 3*q + h*r. What is the tens digit of q?
0
Let t(q) = 14*q - 4*q**2 - 2*q**3 + q**3 + q**2 - 24 + 12*q**2. Let p(o) = 2*o**2 - 2*o - 2. Let r be p(-2). What is the units digit of t(r)?
6
Let b(t) = 1. Let l(c) = -c**2 + 3*c - 2. Let w(f) = -2*b(f) - l(f). Let p be w(3). What is the units digit of 3 + p + 6/(-24)*0?
3
Let k be ((2 - 3)*-1)/((-13)/(-143)). Suppose -7*y = -6001 - 5269. Suppose k*i - y = i. What is the units digit of i?
1
Let a(b) = 105*b**2 - b - 42.